 = -14*i**3 - i**2 - 2*i + 1. Give p(1).
-16
Let d(p) = -p**3 - 35*p**2 + 115*p + 46. Determine d(-38).
8
Let m(p) = p**2 - 18*p + 3. Determine m(8).
-77
Let i(k) = -k**2 + 7*k - 3. Determine i(6).
3
Let n(f) = 3*f - 42. Determine n(13).
-3
Let r(x) = x**3 + 11*x**2 + 5*x - 4. Give r(-11).
-59
Let h(p) = -6*p. Determine h(5).
-30
Let r(c) = -c**3 + c**2 + 12. Calculate r(0).
12
Let m(a) = a**3 - 18*a**2 + 12*a + 82. Determine m(17).
-3
Let c(b) = -b + 11. Calculate c(5).
6
Let v(x) = -11*x - 6. Calculate v(-9).
93
Let w(h) = -h**3 - 4*h**2 + 7*h + 10. Give w(-5).
0
Let j(n) = -n**2 - 13*n - 20. Calculate j(-12).
-8
Let k(t) = -t**2 + 6*t - 1. Determine k(6).
-1
Let x(v) = -3*v + 98. Give x(32).
2
Let f(j) = -2*j + 1. Determine f(-4).
9
Let l(r) = 5*r**2 - 4*r + 5. Determine l(2).
17
Let l(j) = 3*j + 1. Give l(-5).
-14
Let n(s) = 2*s - 12. Give n(5).
-2
Let z(g) = g**3 + 13*g**2 + g + 23. Calculate z(-13).
10
Let v(o) = o**2 + 13*o + 1. What is v(-10)?
-29
Let n(r) = -r**2 - 30*r - 95. Give n(-4).
9
Let z(y) = y**2 - 10*y + 6. What is z(8)?
-10
Let m(d) = d**3 + 12*d**2 + 16*d - 39. Calculate m(-10).
1
Let l(u) = 6*u**3 + 3*u**2 - u - 2. Give l(2).
56
Let z(q) = -9*q - 15. What is z(-2)?
3
Let s(h) = -4*h**2 + h + 4. Give s(2).
-10
Let o(q) = -2*q**2 + 40*q + 39. Give o(19).
77
Let k(t) = t - 7. Determine k(7).
0
Let b(x) = x**3 + 14*x**2 + 13*x + 10. Determine b(-13).
10
Let t(v) = 3*v**3 - v**2 + 5*v - 7. What is t(2)?
23
Let y(g) = 8*g**2 - g + 2. Calculate y(1).
9
Let j(i) = -7*i + 8. Determine j(-5).
43
Let t(n) = -17*n - 34. Calculate t(-2).
0
Let h(b) = -b - 18. Give h(-21).
3
Let a(s) = s**3 - 5*s**2 + 5*s - 8. Give a(2).
-10
Let w(j) = j - 8. Determine w(10).
2
Let n(l) = -l + 8. Determine n(6).
2
Let v(m) = 3*m - 109. Calculate v(35).
-4
Let f(d) = -8*d - 3. What is f(-3)?
21
Let j(r) = -r**3 - 3*r**2 - 6*r - 3. Determine j(-2).
5
Let u(x) = -x - 8. Determine u(-5).
-3
Let l(t) = -25*t - 5. What is l(-1)?
20
Let w(t) = -t**2 - 21*t - 46. Calculate w(-17).
22
Let x(h) = -h**3 - 11*h**2 - 13*h - 21. What is x(-10)?
9
Let q(h) = h**2 + 18*h + 42. Calculate q(-15).
-3
Let f(x) = -2*x - 34. Give f(21).
-76
Let j(n) = n**3 + 4*n**2 - 2*n - 3. Calculate j(-4).
5
Let n(o) = -11*o - 34. Give n(-4).
10
Let n(d) = -2*d - 3. Calculate n(-2).
1
Let c(a) = 2*a**2 - 27*a - 3. Calculate c(13).
-16
Let y(g) = -g**2 - 22*g - 30. Determine y(-20).
10
Let f(h) = 10*h - 61. Determine f(6).
-1
Let h(r) = -r**3 - 11*r**2 + r + 15. Give h(-11).
4
Let h(s) = -s**3 - 11*s**2 + 13*s + 15. Calculate h(-12).
3
Let j(s) = 4*s**2 + s - 1. Give j(-2).
13
Let o(r) = 18*r - 25. Calculate o(0).
-25
Let l(m) = -m**3 + 20*m**2 - m + 21. What is l(20)?
1
Let c(r) = r - 8. Give c(5).
-3
Let q(d) = -3*d**2 - 40*d + 83. What is q(2)?
-9
Let p(f) = f**2 + 6*f - 4. Calculate p(-6).
-4
Let s(n) = -n - 3. What is s(-7)?
4
Let v(m) = -28*m + 44. Calculate v(2).
-12
Let q(p) = -p**2 + 4*p + 6. Calculate q(6).
-6
Let z(i) = i**3 - 12*i**2 - i + 15. Calculate z(12).
3
Let f(n) = n**2 - 5*n - 8. Give f(5).
-8
Let b(t) = 2*t**3 - 46*t**2 - 48*t - 5. Calculate b(24).
-5
Let m(z) = -2*z**2 - 174*z - 344. Calculate m(-85).
-4
Let o(p) = -p**2 + 2*p + 32. Give o(6).
8
Let u(p) = -2*p**3 - 11*p**2 - 15*p - 48. Give u(-5).
2
Let m(c) = c**3 - 6*c**2 - 2*c + 7. What is m(5)?
-28
Let b(z) = z**3 + 8*z**2 + 4*z - 44. Give b(-6).
4
Let h(m) = -m - 8. Give h(5).
-13
Let b(g) = 11*g - 69. Give b(6).
-3
Let j(n) = -2*n**3 - 2*n**2 - n + 2. Calculate j(-2).
12
Let p(n) = -n**3 + 4*n**2 - 4*n - 7. Give p(3).
-10
Let a(b) = 2*b**3 + 7*b**2 + 6*b + 10. Give a(-4).
-30
Let i(k) = -2*k**2 - 16*k + 13. Determine i(-9).
-5
Let y(r) = -r**2 + 8*r + 10. Calculate y(8).
10
Let t(w) = 2*w - 2. Give t(-1).
-4
Let h(q) = -2*q**2 - 3*q. What is h(-5)?
-35
Let g(s) = s**3 - 12*s**2 + 5*s + 41. Give g(12).
101
Let a(c) = -c**2 + 28*c - 52. Give a(26).
0
Let u(w) = -2*w**3 + w**2 - 2*w + 1. Calculate u(-2).
25
Let f(v) = v + 14. Determine f(-9).
5
Let m(j) = -j**3 - 9*j**2 + j + 19. What is m(-8)?
-53
Let t(c) = c**2 - 6*c + 3. Calculate t(9).
30
Let u(d) = -d**2 + 6*d + 16. Give u(8).
0
Let b(m) = -m**2 + 15*m + 181. Give b(-8).
-3
Let i(n) = n**3 + 2*n**2 - 26*n + 5. Calculate i(-6).
17
Let v(p) = 5*p + 2. What is v(-1)?
-3
Let m(d) = -3*d + 4. Give m(2).
-2
Let m(w) = -w**2 + 14*w + 14. Give m(11).
47
Let k(w) = w**3 + 9*w**2 - 32*w + 34. Determine k(-12).
-14
Let b(a) = -a**2 + 10*a + 46. Give b(14).
-10
Let d(w) = -4*w + 172. What is d(0)?
172
Let y(d) = d**3 - 22*d**2 + 44*d - 60. What is y(20)?
20
Let t(h) = -15*h**2 + 3*h - 1. Calculate t(-2).
-67
Let h(n) = -n**2 - 6*n + 14. Determine h(-7).
7
Let a(s) = -s**2 + 10*s - 7. Give a(9).
2
Let d(b) = 49*b. Calculate d(-1).
-49
Let g(q) = q**2 - q - 18. Calculate g(4).
-6
Let h(c) = -48*c - 1. Determine h(-1).
47
Let s(w) = -w**2 + 10*w - 12. Give s(3).
9
Let v(s) = -s**2 - 10*s - 45. What is v(-5)?
-20
Let g(s) = -s**2 + 4*s - 1. What is g(2)?
3
Let m(g) = -2*g**2 + 45*g - 17. Give m(22).
5
Let i(h) = -37*h - 15. Calculate i(-1).
22
Let w(o) = 2*o + 13. What is w(-6)?
1
Let f(p) = p**3 - 8*p**2 - 10*p - 2. What is f(9)?
-11
Let j(l) = -l**3 + 8*l**2 - 15*l - 9. Determine j(5).
-9
Let g(m) = -3*m - 118. Determine g(-38).
-4
Let u(y) = -y**3 + 17*y**2 - 29*y - 20. What is u(15)?
-5
Let j(i) = -4*i + 73. Give j(18).
1
Let x(j) = j**3 - 13*j**2 - 13*j + 3. Give x(14).
17
Let k(s) = -13*s**2 + 15*s - 1. Give k(1).
1
Let k(l) = 3*l + 6. Determine k(8).
30
Let z(i) = -2*i - 2. Calculate z(0).
-2
Let b(p) = 4*p**3 - 6*p - 7. Give b(-1).
-5
Let l(c) = c**2 + 41*c + 182. What is l(-36)?
2
Let h(k) = k**2 - 26*k + 47. What is h(24)?
-1
Let q(c) = -c + 7. Calculate q(10).
-3
Let s(u) = 7*u**2 + 4*u - 1. Determine s(-3).
50
Let h(k) = 2*k**2 + 14*k + 9. Determine h(-6).
-3
Let x(q) = -6*q + 69. Give x(9).
15
Let s(y) = 2*y**2 + 75*y - 326. Give s(4).
6
Let r(l) = -l**3 - 11*l**2 - 8*l - 21. Determine r(-11).
67
Let f(d) = -7*d - 160. Give f(-23).
1
Let y(b) = -2*b**2 + 23*b + 18. What is y(12)?
6
Let g(m) = -13*m - 53. Give g(-13).
116
Let w(n) = n**3 + 36*n**2 - 81*n - 195. What is w(-38)?
-5
Let o(m) = -4*m**2 + 10*m - 3. What is o(3)?
-9
Let m(n) = -n**3 + 10*n**2 - 11*n - 7. Calculate m(8).
33
Let d(w) = -w. Calculate d(0).
0
Let h(j) = -5*j + 20. What is h(4)?
0
Let f(m) = m**3 + m**2 + 2*m - 39. Determine f(0).
-39
Let w(l) = -l + 7. Give w(7).
0
Let q(k) = 7*k**2 - 37*k + 34. Determine q(4).
-2
Let p(k) = 6*k**2 - 42*k - 22. Give p(7).
-22
Let v(x) = 19*x - 5. What is v(2)?
33
Let g(x) = x**3 - 4*x**2 + 3*x + 20. What is g(0)?
20
Let i(c) = -c**2 - 13*c + 12. What is i(-15)?
-18
Let r(y) = 3*y - 32. Give r(11).
1
Let d(m) = m**3 - 6*m**2 + 3*m - 9. Calculate d(6).
9
Let f(z) = 4*z**2 - 14*z - 18. Give f(8).
126
Let r(s) = -s**3 - 21*s**2 + 47*s + 25. Determine r(-23).
2
Let a(s) = -3*s**2 + 4*s - 1. Determine a(3).
-16
Let k(w) = 20*w - 310. What is k(12)?
-70
Let z(n) = -3*n**2 - 18*n + 15. Calculate z(-6).
15
Let n(k) = -5*k - 31. Calculate n(-7).
4
Let z(t) = 5*t**2 - 8. Calculate z(3).
37
Let h(g) = 3*g - 72. Determine h(22).
-6
Let m(b) = b**2 + 9*b - 37. Calculate m(-10).
-27
Let h(q) = 2*q + 19. Give h(0).
19
Let b(r) = r**3 + 5*r**2 + 3*r - 2. Calculate b(-4).
2
Let q(c) = -7*c**2 + 43*c - 9. Calculate q(6).
-3
Let v(c) = c**3 - 3*c**2 - 5*c + 8. Determine v(4).
4
Let y(l) = -l**3 + 3*l**2 + 7*l + 14. Give y(5).
-1
Let h(s) = -5*s + 26. Determine h(-13).
91
Let d(l) = 2*l**2 + 8*l + 10. Determine d(-4).
10
Let d(u) = -u**2 - 13*u - 19. Determine d(-10).
11
Let q(g) = g**3 + 9*g**2 - 1. Give q(-9).
-1
Let p(f) = 25*f + 148. Give p(-6).
-2
Let n(s) = 15*s - 191. Give n(13).
4
Let k(f) = -f**3 + 21*f**2 + 16*f + 42. Determine k(22).
-90
Let y(u) = -u - 23. What is y(-9)?
-14
Let r(u) = -5*u - 33. Calculate r(-11).
22
Let i(s) = s**2 + 17*s - 5. Determine i(-17).
-5
Let r(b) = -12*b + 189. What is r(14)?
21
Let r(l) = 2*l**3 + 4*l**2 + 3*l. What is r(-2)?
-6
Let n(u) = -2*u**3 + 6*u**2 - 2*u - 2. What is n(3)?
-8
Let r(p) = -64*p + 782. What is r(12)?
14
Let p(m) = m**3 + 4*m**2 - 9*m + 1. Determine p(2).
7
Let z(p) = 23*p + 18. What is z(-4)?
-74
Let m(c) = 43*c + 2. Determine m(-2).
-84
Let t(d) = 9*d - 2. Calculate t(-3).
-29
Let w(j) = -5*j**2 + 4*j + 8.